 of 46?
True
Does 671 divide 584175?
False
Does 63 divide 26002?
False
Is 5056961 a multiple of 793?
True
Does 12 divide 47029?
False
Is 703109 a multiple of 11?
True
Is 1226476 a multiple of 102?
False
Does 1022 divide 1036878?
False
Is 990 a factor of 1516833?
False
Does 149 divide 581249?
True
Does 51 divide 5456745?
True
Is 66 a factor of 1386594?
True
Is 367380 a multiple of 15?
True
Is 468 a factor of 4882644?
True
Is 92945 a multiple of 29?
True
Is 1068 a multiple of 46?
False
Is 114 a factor of 2137956?
True
Does 35 divide 6231532?
False
Does 89 divide 26752?
False
Is 180 a factor of 195798?
False
Does 5 divide 2444075?
True
Is 62 a factor of 148275?
False
Is 104 a factor of 13482831?
False
Is 373196 a multiple of 158?
True
Is 37185 a multiple of 335?
True
Is 70 a factor of 186762?
False
Does 27 divide 3402?
True
Is 470346 a multiple of 554?
True
Is 89 a factor of 3822175?
False
Is 787534 a multiple of 22?
True
Is 7190 a multiple of 10?
True
Does 46 divide 1542658?
False
Does 1757 divide 17672877?
False
Is 3 a factor of 11588?
False
Does 11 divide 672947?
True
Is 61 a factor of 10082892?
False
Is 666 a factor of 9079578?
True
Does 22 divide 120002?
False
Is 30355 a multiple of 65?
True
Is 169170 a multiple of 5?
True
Is 25 a factor of 236871?
False
Is 99 a factor of 3010807?
False
Is 1543836 a multiple of 7?
True
Does 7 divide 9125884?
False
Is 13 a factor of 451689?
False
Does 77 divide 1041887?
True
Is 3219 even?
False
Is 228987 a multiple of 24?
False
Is 25 a factor of 204100?
True
Does 15 divide 5000332?
False
Is 237110 a multiple of 10?
True
Is 103 a factor of 814318?
True
Is 207452 a multiple of 478?
True
Does 27 divide 2877096?
False
Is 91978 a multiple of 67?
False
Does 82 divide 33620?
True
Is 48 a factor of 201926?
False
Does 26 divide 66449?
False
Is 2 a factor of 596159?
False
Does 24 divide 378432?
True
Is 434 a factor of 785106?
True
Is 115319 even?
False
Does 322 divide 7838463?
False
Is 329523 a multiple of 5?
False
Is 23 a factor of 4520692?
False
Is 91004 a multiple of 10?
False
Is 4033821 a multiple of 1461?
True
Is 5309928 a multiple of 124?
True
Is 848106 a multiple of 106?
True
Does 9 divide 7525355?
False
Is 1914682 a multiple of 11?
True
Does 13 divide 1991080?
True
Is 74 a factor of 1171996?
False
Does 547 divide 2126189?
True
Does 56 divide 58888?
False
Is 1427652 a multiple of 12?
True
Does 137 divide 11855569?
True
Does 5 divide 11043?
False
Does 70 divide 2032240?
True
Is 141 a factor of 2409213?
False
Is 18170 a multiple of 29?
False
Is 2363982 a multiple of 128?
False
Does 40 divide 531?
False
Is 70 a factor of 15587?
False
Does 23 divide 33718?
True
Does 5 divide 635825?
True
Does 14 divide 556225?
False
Is 66 a factor of 168109?
False
Is 20 a factor of 2900?
True
Does 7 divide 2028258?
False
Is 320 a factor of 731520?
True
Is 29038 a multiple of 11?
False
Is 23316 even?
True
Is 24 a factor of 508560?
True
Is 1612826 a multiple of 240?
False
Is 214460 a multiple of 7?
False
Does 15 divide 4847475?
True
Is 55 a factor of 48235?
True
Is 3265771 a multiple of 140?
False
Is 6 a factor of 48225?
False
Is 838230 a multiple of 10?
True
Is 12193 a multiple of 314?
False
Does 490 divide 667279?
False
Is 139345 a multiple of 12?
False
Is 60 a factor of 5582620?
False
Is 495 a factor of 113850?
True
Does 6 divide 157254?
True
Does 5 divide 23786?
False
Is 14273994 a multiple of 14?
True
Is 740 a factor of 2636620?
True
Is 122 a factor of 52294?
False
Is 122488 a multiple of 2?
True
Does 797 divide 7209902?
False
Is 196 a factor of 136802?
False
Does 109 divide 3276143?
False
Is 1063 a factor of 7244801?
False
Is 71 a factor of 1303915?
True
Is 4 a factor of 3706428?
True
Is 249000 even?
True
Does 17 divide 431535?
False
Is 770 a factor of 2616460?
True
Is 35845 a multiple of 699?
False
Does 2 divide 30233?
False
Does 2 divide 145839?
False
Is 29808 a multiple of 162?
True
Does 40 divide 17040?
True
Is 5 a factor of 49845?
True
Does 14 divide 3551926?
True
Is 90 a factor of 490410?
True
Is 425210 a multiple of 12?
False
Is 1598777 a multiple of 235?
False
Is 46 a factor of 393990?
True
Does 289 divide 216750?
True
Does 439 divide 560675?
False
Is 1866449 a multiple of 26?
False
Is 5785 a multiple of 4?
False
Does 32 divide 26105?
False
Does 333 divide 592407?
True
Is 3 a factor of 25473?
True
Is 38 a factor of 15398?
False
Does 16 divide 982816?
True
Is 347 a factor of 3270475?
True
Is 15915797 a multiple of 278?
False
Does 63 divide 1244622?
False
Is 54973 a multiple of 3?
False
Is 1162 a factor of 4678602?
False
Is 2974743 a multiple of 1005?
False
Is 103621 a multiple of 113?
True
Is 140 a factor of 47245?
False
Is 6 a factor of 102779?
False
Is 76776 a multiple of 12?
True
Does 4 divide 846242?
False
Does 90 divide 882647?
False
Is 3852 a multiple of 12?
True
Is 868 a factor of 130200?
True
Does 13 divide 105876?
False
Does 1360 divide 3730903?
False
Does 963 divide 5432283?
True
Is 1368530 a multiple of 38?
False
Is 323 a factor of 7773757?
False
Is 18 a factor of 5156757?
False
Is 64624 a multiple of 31?
False
Is 9 a factor of 119231?
False
Is 68634 a multiple of 123?
True
Is 2585573 a multiple of 37?
False
Is 98602 a multiple of 14?
True
Is 303653 a multiple of 17?
False
Is 1195821 a multiple of 423?
True
Is 40 a factor of 430200?
True
Is 327 a factor of 355449?
True
Is 887866 a multiple of 452?
False
Is 1131 a factor of 3087218?
False
Is 1058616 a multiple of 59?
False
Does 16 divide 379264?
True
Is 1122622 a multiple of 3?
False
Is 1274950 a multiple of 67?
False
Is 6231285 a multiple of 9?
True
Is 35 a factor of 136991?
False
Is 5 a factor of 171300?
True
Is 13 a factor of 111501?
True
Is 61 a factor of 133834?
True
Is 28 a factor of 223571?
False
Does 117 divide 211419?
True
Is 3 a factor of 184156?
False
Is 53 a factor of 676596?
False
Does 13 divide 1385228?
True
Is 13 a factor of 389376?
True
Is 15891212 a multiple of 214?
True
Is 113850 a multiple of 30?
True
Is 273430 a multiple of 37?
True
Is 461160 a multiple of 45?
True
Is 72 a factor of 268991?
False
Is 356305 a multiple of 260?
False
Does 164 divide 407048?
True
Is 122397 a multiple of 5?
False
Does 440 divide 297410?
False
Does 207 divide 6590880?
True
Is 106 a factor of 4076230?
True
Is 3 a factor of 22996?
False
Does 8 divide 48448?
True
Does 51 divide 875962?
False
Is 228223 a multiple of 84?
False
Does 17 divide 176273?
True
Is 225 a factor of 12938?
False
Is 33 a factor of 918489?
True
Does 104 divide 1593488?
True
Does 34 divide 42738?
True
Is 1067 a factor of 6118316?
False
Is 28 a factor of 113512?
True
Is 8 a factor of 53473?
False
Does 25 divide 93118?
False
Is 864088 a multiple of 58?
False
Is 5995056 a multiple of 24?
True
Is 3072221 a multiple of 469?
False
Is 37158 a multiple of 22?
True
Does 170 divide 177903?
False
Is 12 a factor of 279804?
True
Is 502 a factor of 1537626?
True
Is 11 a factor of 3245?
True
Is 82422 a multiple of 19?
True
Is 218868 a multiple of 52?
True
Is 43 a factor of 565708?
True
Is 377900 a multiple of 183?
False
Is 38790 a multiple of 92?
False
Does 829 divide 282702?
False
Does 10 divide 2535877?
False
Is 22 a factor of 431464?
True
Is 12 a factor of 56400?
True
Does 70 divide 815125?
False
Is 3 a factor of 473?
False
Is 11 a factor of 258080?
False
Is 2041004 a multiple of 21?
False
Does 32 divide 45901?
False
Does 37 divide 9625237?
False
Does 15 divide 216250?
False
Does 112 divide 2554113?
False
Is 59 a factor of 5074?
True
Is 22 a factor of 2334926?
True
Does 6 divide 31668?
True
Is 550077 a multiple of 2?
False
Does 19 divide 21806?
False
Is 1637157 a multiple of 14?
False
Is 26 a factor of 50804?
True
Is 29 a factor of 175617?
False
Does 89 divide 232507?
False
Does 1382 divide 4018856?
True
Does 153 divide 157983?
False
Does 782 divide 146559?
False
Is 63576 a multiple of 190?
False
Is 871862 a multiple of 34?
True
Does 143 divide 110454?
False
Is 7 a factor of 29195?
False
Does 9 divide 23538?
False
Is 1585810 a multiple of 20?
False
Is 693947 a multiple of 245?
False
Is 24794 a multiple of 46?
True
Is 77 a factor of 110076?
False
Is 15912676 a multiple of 2678?
True
Is 45568 a multiple of 64?
True
Does 91 divide 1922193?
True
Does 1149 divide 4024947?
True
Is 2849280 a multiple of 48?
True
